4) - (-2)/(-4). Let n(m) = m**2 - 2*m - 23. Let j be n(4). Let z = a - j. What is the tens digit of z?
2
Let d be (-4*1)/((-1)/(-2)). Suppose 5*i + 5 = -2*l, -l - 7 = 2*i - 4. What is the tens digit of 90/12*d/l?
1
Suppose 5*w = 369 + 346. Suppose -2*l = -9 - w. What is the tens digit of l?
7
Suppose 2739 + 1164 = 5*s - 4*d, -5*s = -d - 3897. What is the hundreds digit of s?
7
Suppose 4*k = -260 - 300. Let w = -102 - k. What is the tens digit of w?
3
Let r = -139 - -289. Suppose -2*f = -3*f + 4. Suppose w + 0*w - r = -f*q, -32 = -q - 3*w. What is the units digit of q?
8
Let b(l) = 2*l - 17. Let f be b(-8). What is the tens digit of (f/6)/((-3)/18)?
3
Suppose y + 14816 = 3*a + 2*a, -y + 14814 = 5*a. What is the units digit of a?
3
Suppose -2*r + 2944 = 5*y, 0 = 3*y - 4*y + r + 593. What is the tens digit of (y/(-6) - 1)*(-69)/46?
4
Suppose -31*j = -18*j - 9178. What is the tens digit of j?
0
Let f(a) = 78*a - 7. Let l be f(2). Let c = l + -85. Suppose -4*z - 20 = -c. What is the units digit of z?
1
Let s(j) = -j**2 + 16*j + 8. Let h = 39 - 26. What is the tens digit of s(h)?
4
Let u = 18 - 13. Suppose u*o = o - 12. Let r = o - -7. What is the units digit of r?
4
Suppose 70 = -5*i + 12*i. Suppose -i = -2*q + q. Let d = 19 - q. What is the units digit of d?
9
Suppose -2*x + 1036 + 1012 = -4*f, f = 3*x - 3067. What is the tens digit of x?
2
Let s = 35 - 31. Suppose 186 = 3*h - 5*p, 2*h - s*p = -9*p + 149. What is the tens digit of h?
6
Suppose 173*g + 4650 = 183*g. What is the tens digit of g?
6
Let a = 476 - 295. What is the units digit of a?
1
Let i = 439 - 221. What is the hundreds digit of i?
2
Suppose 4*k = -0*k + 12. Suppose 3*d - 2*d + k = 4*b, 0 = 2*d + b + 51. Let n = 3 - d. What is the tens digit of n?
2
Suppose 27*o = 31*o - 16. Let l(p) = -p**3 + 6*p**2 + 7*p - 5. What is the units digit of l(o)?
5
Let l = -58 + 61. Suppose -l*v - 73 = -a, a - 3*v = -2*a + 219. What is the tens digit of a?
7
Let x(p) = p + 14. Let t be x(-9). Suppose t*y = y + 624. What is the tens digit of y?
5
Suppose 14*w - 4455 = 3763. What is the tens digit of w?
8
What is the hundreds digit of ((-36)/(-2))/6 + 753?
7
Let l(c) be the second derivative of -2*c**3/3 - 9*c. What is the units digit of l(-3)?
2
What is the thousands digit of 6740/(-30)*36/(-8)?
1
Suppose 442 = 2*h + 2*h - 2*v, 2*h = -3*v + 225. Let o = 67 - h. Let b = -23 - o. What is the units digit of b?
1
Suppose -3*x - 4*l + 3381 = 0, 2*x - 4*l = 3442 - 1168. What is the hundreds digit of x?
1
Suppose 3*g + 4*l - 143 = 0, -2*l - 2*l - 217 = -5*g. Suppose 2*d = 0, 3*s = 4*s + 2*d - g. What is the units digit of s?
5
Suppose -1892 = -26*t + 15*t. What is the tens digit of t?
7
Let w(b) = b**2 + 6*b - 19. Suppose -2*j = -4*z - 102, -3*j + 133 = -0*z - 2*z. Suppose -3*f - d - j + 3 = 0, 4*d + 61 = -5*f. What is the tens digit of w(f)?
7
Let a be ((-140)/15)/((-2)/183). Suppose -7*h + a = -609. What is the units digit of h?
9
Let c(q) = -q - 5. Let f be c(-4). Let s be f - (1 + -20 + 4). What is the units digit of 14/(-4)*(-24)/s?
6
Suppose 9*l - 7*l - 1056 = -h, -5*h = 3*l - 1584. What is the tens digit of l?
2
Suppose -6*w = -7*w + 3. Suppose 634 = 4*g - w*j, 1 = 2*j + 5. What is the hundreds digit of g?
1
Let a = 3 - 6. Let l = a + 7. Suppose 2*y = l*y - 46. What is the units digit of y?
3
Suppose 0 = -9*g + 4*g - 170. Let v = g - -93. What is the units digit of v?
9
What is the tens digit of -1 + (-6)/(-2) - (50 + -444)?
9
Let x(j) = -j**3 - 10*j**2 - j - 9. Suppose 8 = -3*c + 2*r + 3*r, -4*c + 4*r - 24 = 0. What is the units digit of x(c)?
3
Suppose -10*j + 3589 = -2201. What is the hundreds digit of j?
5
Let g be 16 - 15 - (-22 - 0). Let y = g - 1. What is the tens digit of y?
2
Suppose 0 = -a + 4*d - 7, -2*d + 2 = -d. Let r be 9/(-18) + a/2. Let x = 11 - r. What is the units digit of x?
1
Let n(d) = 11*d**2 - 16*d - 1. What is the hundreds digit of n(-9)?
0
Suppose 4*f + 4*v = 92, 0*f - 94 = -5*f + 2*v. Suppose -17*z - 174 = -f*z. What is the units digit of z?
8
Let z = -440 + 640. What is the tens digit of z?
0
Let l = 703 + -145. Suppose 7*v = 16*v - l. What is the units digit of v?
2
Suppose 17 = -8*f + 41. Suppose f*m + 26 = 230. What is the units digit of m?
8
Let c be -81*-3*(-64)/4 - 2. What is the units digit of c/(-50) + (-8)/10?
7
Let v be -361 - (-1 + 2 + -1 + 3). What is the units digit of (-1)/2 - (v/8 - 3)?
8
Suppose 5*v + b = -b + 17657, 4*v + 4*b - 14128 = 0. What is the tens digit of v?
3
Let n(k) = 12*k - 93. What is the tens digit of n(14)?
7
Suppose 12 = 4*s - 0*s. Suppose s*r - 84 = -3*d, -4*r + 16 + 0 = 0. What is the tens digit of d?
2
Let i be (-24)/(-9)*3/2. Suppose i*z = -10 + 214. What is the units digit of z?
1
Let i = -1617 + 2387. What is the units digit of i?
0
Suppose 52 = -5*r - b, 30 = -5*r - 4*b - 28. Let a = 12 - r. What is the tens digit of a?
2
Let o(g) = g**3 + g + 133. Let x = 27 + -27. What is the units digit of o(x)?
3
Let d(f) = 43*f**2 - 6*f - 29. What is the hundreds digit of d(-3)?
3
Let h(n) = -n**2 - 8*n - 14. Let d(p) = -p**2 - 9*p - 13. Let k(r) = 4*d(r) - 3*h(r). What is the tens digit of k(-7)?
2
Suppose -5*m = 3*k - 190, -4*k = -6*m + 2*m + 120. Suppose -956 + 290 = 37*a. Let p = a + m. What is the units digit of p?
7
Suppose -5*u - 26 = 14. Let o = 8 + u. Suppose s - 5 = -3*q, -2*s + 2*q + 18 = -o*s. What is the units digit of s?
8
Suppose -6*g + 4*g + 10 = 0, -5*y + 4*g + 17500 = 0. What is the units digit of y?
4
Let s(l) be the first derivative of -1/4*l**4 + 8*l**2 - 1 + 4*l**3 - 16*l. What is the units digit of s(13)?
3
Let d = 936 + 833. What is the tens digit of d?
6
Suppose n - v - 184 = -0*v, -n - 5*v = -160. Let d = 270 - n. Suppose -4*f + 56 = -4*p, -3*f = -8*f - 5*p + d. What is the tens digit of f?
1
Suppose 12*q - 28*q = -4944. What is the hundreds digit of q?
3
Suppose -25*g = -3*g - 14388. What is the hundreds digit of g?
6
Suppose 0 = 5*r - 0*r - 2*p - 19, -4*r + 18 = -3*p. Let t = 36 - 8. Suppose -3*n - n - 5*z - 1 = 0, -r*n = -2*z - t. What is the units digit of n?
6
Suppose 12 = 2*h + 2. Suppose 7 = -5*z + 7. Suppose h*r - 265 + 80 = z. What is the tens digit of r?
3
Suppose 3*f + 3*g = 5925, 0 = -27*f + 24*f + 2*g + 5910. What is the units digit of f?
2
Suppose -f - f + 2*b = -1068, 5*f = -b + 2646. What is the units digit of f?
0
Suppose -3*z = f - 8592, -60*f = -5*z - 63*f + 14320. What is the units digit of z?
4
Suppose 4*x - 36 = -4*j, j = -2*j. Let d = 247 + -240. Suppose d*f = x*f - 98. What is the tens digit of f?
4
Suppose -77 = q - 3. Let r be q/(-2) + 8 + -10. Let c = r + -20. What is the tens digit of c?
1
Suppose -4*h = v - 9*h - 33, 5*v - 69 = h. Let t(f) = 6*f**2 + 12*f**3 - 5 - 2*f - v*f**3 + 6*f. What is the tens digit of t(6)?
1
Let d(v) = 0*v - v - 11 - 3*v + 3. Let j(g) = 3*g + 7. Let b(n) = 4*d(n) + 5*j(n). What is the units digit of b(-8)?
1
Suppose -4 = f - 6. Let i be 0*((-5)/f)/5. Suppose m + 2*g + 3*g - 30 = 0, i = -3*g + 12. What is the units digit of m?
0
Let v(k) = k**2 - 11*k + 8. Let s(a) = -2*a**2 + 22*a - 17. Let l(o) = 6*s(o) + 11*v(o). What is the tens digit of l(4)?
1
Let r(b) = b**3 - 24*b**2 - 20*b - 58. What is the hundreds digit of r(26)?
7
Let i = 7 - 5. Suppose 6*r - 28 = i*r. Let x = 27 - r. What is the tens digit of x?
2
Let w(j) = 7*j**3 - 4*j**2 + 6*j - 8. Let g be w(4). Suppose 11*u - 7*u - g = 0. What is the hundreds digit of u?
1
Suppose 35*z - 41*z + 1056 = 0. Let y = 374 - z. What is the tens digit of y?
9
Suppose -4*u - 1048 = -3*d, -4*d + 3*d - 3*u = -358. Let v be (-7 - -1)/((-24)/d). Suppose 0 = -3*n - n + v. What is the units digit of n?
2
Suppose 3*f = -6 + 21. Suppose -f = -5*p + 15. Suppose g = -p*g + 170. What is the tens digit of g?
3
Suppose -8*z = -3*z - 60. Suppose -7*f = -4*f - z. Suppose -f*v + 164 = 3*b, -7*b + 280 = -2*b + 5*v. What is the tens digit of b?
6
Suppose 12 + 56 = 2*a. Let j = 7 + a. What is the tens digit of j?
4
Let v(l) = -l + 2*l - 12 + 13. Let u be v(-1). Suppose -20 + u = -4*r. What is the units digit of r?
5
Let z(c) = -3*c + 38. Let r be z(12). Suppose 181 = r*o - 5*d, -4*o + 2*d = -3*o - 92. What is the units digit of o?
8
Suppose 0 = 3*j - j - 100. Let o be 2/(-10) + 110/j. Suppose 265 = -o*c + 7*c. What is the tens digit of c?
5
